3. Determine s(-40).
73
Let v(l) = 2*l**3 + 72*l**2 + 255*l + 126. What is v(-32)?
158
Let i(n) = -6*n**3 - 281*n**2 - 165*n + 1218. What is i(-46)?
-1772
Let h(p) = 39255*p + 471348. Give h(-12).
288
Let b(f) = -410*f + 27044. Determine b(65).
394
Let b(f) = -196235*f + 47881345. Determine b(244).
5
Let w(z) = -462821*z + 4165390. What is w(9)?
1
Let y(l) = l**3 - 67*l**2 + 807*l - 1403. Calculate y(52).
1
Let n(j) = -14670*j + 850953. Calculate n(58).
93
Let w(m) = -931*m - 4478. Give w(-5).
177
Let n(r) = -19*r**3 - 342*r**2 - 186*r - 3349. Determine n(-18).
-1
Let d(r) = -111568*r + 558012. Calculate d(5).
172
Let t(k) = 11*k**2 + 293*k + 1865. Calculate t(-9).
119
Let h(b) = 3*b**2 - 6346*b - 44562. Calculate h(-7).
7
Let b(p) = -15433*p + 138859. Determine b(9).
-38
Let n(r) = 273*r**2 - 84374*r + 5257. What is n(309)?
4
Let v(s) = 22*s**2 + 137*s + 152. Give v(-5).
17
Let f(v) = -v**2 - 506*v + 855669. Calculate f(706).
-3
Let p(y) = -y**2 - 277*y + 16421. Give p(50).
71
Let r(c) = c**3 - 254*c**2 - 1916*c - 47126. Determine r(262).
34
Let h(u) = -22789*u**2 + 113923*u + 114. Determine h(5).
4
Let l(d) = 5*d**3 - 28*d**2 - 25*d + 385. What is l(4)?
157
Let u(d) = 1188*d - 621321. Determine u(523).
3
Let l(f) = 2144*f - 14992. Determine l(7).
16
Let m(q) = -87*q - 7085. Calculate m(-81).
-38
Let h(y) = y**3 + 4*y**2 + 6228*y + 18660. Give h(-3).
-15
Let n(s) = -25*s**2 - 128*s + 247. What is n(2)?
-109
Let b(m) = -7*m**3 - 161*m**2 - 27*m - 59. Determine b(-23).
562
Let f(r) = r**3 + 5*r**2 + 380*r + 4627. Determine f(-11).
-279
Let m(u) = -6*u**2 - 121*u + 1951. Give m(-31).
-64
Let t(u) = 3*u**3 - 21*u**2 - 101*u - 18. Calculate t(-6).
-816
Let o(f) = -15*f**2 - 14455*f + 14469. Give o(1).
-1
Let n(d) = -524*d - 24649. Give n(-47).
-21
Let r(n) = -n**2 - 248*n - 6291. Calculate r(-27).
-324
Let r(s) = -10740*s + 85927. What is r(8)?
7
Let c(q) = -3215*q - 7533. Give c(-1).
-4318
Let v(c) = -c**3 - 35*c**2 + 132*c + 2042. What is v(-37)?
-104
Let p(i) = -4*i**3 - i**2 - 1335*i - 19. Determine p(0).
-19
Let p(v) = 171*v - 78. Determine p(5).
777
Let v(p) = 30405*p - 3496587. Give v(115).
-12
Let v(h) = -2*h**3 + 488*h**2 - 7297*h + 217. What is v(228)?
-11
Let f(j) = -j**3 - 20*j**2 - 238*j - 1020. Give f(-7).
9
Let c(a) = a**2 + 12405*a - 1099384. Determine c(88).
0
Let k(f) = 811*f**3 - 11356*f**2 + 32*f - 10. What is k(14)?
46
Let f(i) = -73*i**3 - 874*i**2 + 19*i - 50. Calculate f(-12).
10
Let u(m) = 32*m**2 - 4079*m + 2182. Give u(127).
277
Let j(l) = 11*l**3 + 2101*l**2 - 4*l + 578. Give j(-191).
1342
Let d(c) = 4*c**3 - 16*c**2 - 193*c + 192. What is d(1)?
-13
Let d(o) = -o**2 + 140*o - 3. Determine d(10).
1297
Let i(l) = l**3 - 15*l**2 - 65*l + 199. Calculate i(17).
-328
Let f(q) = -6*q**3 - 82*q**2 - 278*q - 49. Give f(-8).
-1
Let r(k) = 52441*k + 2150053. Calculate r(-41).
-28
Let t(q) = -493*q - 10469. Give t(-20).
-609
Let a(n) = 169*n - 612. Determine a(8).
740
Let j(n) = 3*n**2 + 4194*n - 1362718. Give j(272).
2
Let w(b) = -6*b**3 - 12*b**2 - 55*b - 57. What is w(-5)?
668
Let j(v) = -107121*v + 856981. Give j(8).
13
Let k(v) = -v**2 - v + 76673. Determine k(276).
221
Let b(n) = -12*n**3 - 108*n**2 - 170*n - 1. Determine b(-2).
3
Let d(a) = 89*a**2 + 300*a - 43. What is d(-4)?
181
Let n(q) = q**3 - 60*q**2 - 53*q + 1233. Give n(61).
1721
Let i(s) = -24249*s - 120581. Determine i(-5).
664
Let y(n) = 31038*n + 62087. Determine y(-2).
11
Let g(w) = -3*w**2 - 25*w + 1088. Determine g(22).
-914
Let k(s) = 3034212*s - 48547383. Calculate k(16).
9
Let g(d) = 329502*d - 658981. Give g(2).
23
Let t(q) = -q**2 + 2467*q - 193251. Calculate t(81).
15
Let g(i) = 22*i + 7665. Calculate g(-260).
1945
Let u(l) = -l**3 - 34*l**2 + 347*l + 8732. What is u(-37)?
0
Let y(i) = i**3 - 6*i**2 - 91*i + 1232. Give y(15).
1892
Let c(f) = -43245*f - 172955. Determine c(-4).
25
Let a(k) = -k**2 + 1214*k + 132794. What is a(-101)?
-21
Let k(i) = i**3 - 69*i**2 + 211*i - 866. What is k(66)?
-8
Let g(a) = -3*a**2 + 1055*a + 17580. Calculate g(-17).
-1222
Let f(i) = 943*i + 18982. Determine f(-20).
122
Let p(m) = -725*m + 375543. Give p(518).
-7
Let t(g) = 2*g**3 + 1533*g**2 + 2213*g - 62741. What is t(-765)?
-11
Let x(u) = 29*u**2 - 5641*u + 38061. Give x(7).
-5
Let b(j) = 8*j**2 - 4348*j - 76203. Give b(-17).
25
Let q(b) = 7*b**3 - 29*b**2 - 107*b + 461. What is q(4)?
17
Let t(l) = -l**3 - 8*l**2 + 9359*l + 56222. Calculate t(-6).
-4
Let c(d) = -3390*d + 1647474. Give c(486).
-66
Let s(q) = q**3 + 2*q**2 + 692*q - 2860. Give s(4).
4
Let r(v) = 160*v**2 - 1585*v + 35. What is r(11)?
1960
Let v(m) = -m**2 + 586*m + 53271. Give v(-80).
-9
Let s(h) = 32*h - 1654. What is s(69)?
554
Let j(u) = u**3 + 151*u**2 + 10*u + 1640. Calculate j(-151).
130
Let l(w) = -182*w - 16704. Determine l(-82).
-1780
Let m(c) = -162*c**2 - 5661*c + 348. Give m(-35).
33
Let u(j) = -j**3 - 79*j**2 + 67*j + 13. Determine u(-80).
1053
Let o(s) = -10*s**3 + 3*s**2 - 38*s + 40. What is o(8)?
-5192
Let m(f) = 3472*f - 3343536. Give m(963).
0
Let f(w) = -151240*w + 604955. Calculate f(4).
-5
Let f(x) = x**3 - 84*x**2 - 1057*x - 1201. Calculate f(-10).
-31
Let j(v) = -9*v**3 + 3790*v**2 - 434*v + 4774. Determine j(421).
-699
Let u(n) = -n**3 - 10*n**2 - 130557*n - 1697744. What is u(-13)?
4
Let h(f) = -f**3 + 155*f**2 + 2003*f + 182. Calculate h(167).
15
Let y(f) = 1056*f - 236951. What is y(224)?
-407
Let w(i) = -2*i**3 + 265*i**2 + 7196*i + 920. Determine w(-23).
-69
Let y(u) = 19*u**2 + 183*u - 717. Calculate y(3).
3
Let w(g) = -3*g**2 + 2870*g - 1159. Calculate w(0).
-1159
Let r(x) = -x**2 + 530*x - 40229. Determine r(92).
67
Let b(o) = -1905*o**2 + 3672*o - 2. Give b(2).
-278
Let a(n) = -151*n - 9021. Give a(-61).
190
Let c(r) = r**3 - 121*r**2 - 321*r + 24323. Give c(122).
45
Let v(s) = 17404*s + 1113857. Give v(-64).
1
Let p(z) = 63*z**2 + 360*z + 1454. Give p(-4).
1022
Let f(l) = -63*l + 12275. Calculate f(208).
-829
Let y(i) = -i**2 + 2256*i + 57164. Determine y(-25).
139
Let x(k) = -k**3 - 411*k**2 - 39260*k - 58. What is x(-260)?
-58
Let m(l) = -3*l**2 - 24481*l - 195666. Calculate m(-8).
-10
Let p(t) = 3*t**3 + 139*t**2 + 142*t - 698. What is p(-45)?
1012
Let j(q) = 2209*q - 8377. Calculate j(4).
459
Let c(x) = -197570*x - 197563. Calculate c(-1).
7
Let i(a) = -18*a**2 - 205*a - 579. Determine i(-5).
-4
Let r(w) = w**2 - 234*w + 7000. Determine r(212).
2336
Let v(r) = 3025*r + 3439. What is v(0)?
3439
Let c(h) = 582*h - 5056. Give c(10).
764
Let d(q) = 68*q**2 - 430*q + 37. Determine d(6).
-95
Let w(m) = m**2 + 39158*m - 470047. Give w(12).
-7
Let i(q) = 360*q + 7308. Give i(-20).
108
Let q(h) = 137*h - 7017. Give q(50).
-167
Let f(s) = s**3 + 3*s**2 - 20*s + 730. Determine f(-11).
-18
Let i(w) = 2*w**3 - 6*w**2 + 46*w + 1245. Give i(-8).
-531
Let v(j) = -697*j - 139881. Give v(-201).
216
Let s(i) = -10*i**2 + 9*i + 36. What is s(-5)?
-259
Let r(k) = -k**3 + 74*k**2 + 1104*k + 2356. Give r(87).
7
Let o(q) = 1004*q - 20964. Give o(21).
120
Let v(n) = -n**3 + 1183*n**2 - 11632*n - 114962. What is v(1173)?
-8
Let g(p) = p**3 + 23*p**2 - 1855*p - 356. Determine g(-56).
36
Let o(v) = -v**3 + 91*v**2 + 343*v - 60125. What is o(87)?
-8
Let w(m) = 506*m**3 + 90*m**2 + 76*m - 10. Give w(-1).
-502
Let v(t) = 9*t**2 - 650*t + 9660. Determine v(21).
-21
Let t(l) = -5*l**3 - 50*l**2 - 315*l - 2746. What is t(-9)?
-316
Let f(h) = -h**3 + 66*h**2 + 14912*h - 1033546. Determine f(71).
1
Let w(p) = 41*p**2 + 913*p + 7241. Calculate w(-8).
2561
Let r(w) = 3*w**3 - w**2 - 165*w + 52. Give r(0).
52
Let f(h) = -62*h**2 - 3708*h - 32725. Determine f(-49).
105
Let w(d) = -26043*d + 1145894. What is w(44)?
2
Let g(z) = -38429*z - 230578. What is g(-6)?
-4
Let t(a) = 100*a + 4284. Calculate t(-26).
1684
Let n(t) = -3552*t - 120699. Give n(-34).
69
Let n(i) = -336*i + 21670. Calculate n(63).
502
Let r(h) = -28*h**3 - 818*h**2 - 170*h + 222. What is r(-29)?
106
Let i(f) = 3*f**3 + 273*f**2 + 809*f - 10. What is i(-3)?
-61
Let g(f) = -2*f**2 - 44*f + 43. What is g(-20)?
123
Let x(n) = n**3 - 21*n**2 + 249*n - 7892. Give x(24).
-188
Let d(v) = -v**2 - 11798*v - 1262533. Give d(-108).
-13
Let p(d) = -24512*d + 808887. Determine p(33).
-9
Let o(u) = 2011*u + 56241. Determine o(-28).
-67
Let l(t) = -t**